713?
7
What is the hundred thousands digit of 119345?
1
What is the thousands digit of 1637?
1
What is the hundreds digit of 16179?
1
What is the thousands digit of 18732?
8
What is the tens digit of 2580?
8
What is the hundreds digit of 5942?
9
What is the thousands digit of 13384?
3
What is the units digit of 69763?
3
What is the units digit of 16828?
8
What is the tens digit of 213?
1
What is the thousands digit of 1730?
1
What is the units digit of 1341?
1
What is the tens digit of 329?
2
What is the thousands digit of 1293?
1
What is the units digit of 60777?
7
What is the units digit of 648?
8
What is the tens digit of 5785?
8
What is the units digit of 3085?
5
What is the hundreds digit of 35746?
7
What is the units digit of 2304?
4
What is the thousands digit of 94255?
4
What is the thousands digit of 2482?
2
What is the tens digit of 812?
1
What is the hundreds digit of 7148?
1
What is the hundreds digit of 11778?
7
What is the ten thousands digit of 11683?
1
What is the units digit of 46?
6
What is the units digit of 6592?
2
What is the hundreds digit of 19969?
9
What is the thousands digit of 2444?
2
What is the ten thousands digit of 14009?
1
What is the units digit of 3156?
6
What is the units digit of 670?
0
What is the units digit of 1757?
7
What is the tens digit of 137392?
9
What is the units digit of 461?
1
What is the hundreds digit of 51385?
3
What is the ten thousands digit of 48607?
4
What is the thousands digit of 3416?
3
What is the hundreds digit of 69015?
0
What is the tens digit of 32726?
2
What is the tens digit of 10264?
6
What is the hundreds digit of 5148?
1
What is the tens digit of 401?
0
What is the ten thousands digit of 13351?
1
What is the units digit of 583?
3
What is the units digit of 4366?
6
What is the tens digit of 7820?
2
What is the tens digit of 933?
3
What is the units digit of 5261?
1
What is the hundreds digit of 6197?
1
What is the tens digit of 548?
4
What is the tens digit of 78446?
4
What is the hundreds digit of 3390?
3
What is the tens digit of 452?
5
What is the units digit of 43488?
8
What is the units digit of 16243?
3
What is the units digit of 24?
4
What is the thousands digit of 2323?
2
What is the tens digit of 8415?
1
What is the tens digit of 3858?
5
What is the hundreds digit of 5851?
8
What is the thousands digit of 2319?
2
What is the tens digit of 28208?
0
What is the hundreds digit of 911?
9
What is the hundreds digit of 535?
5
What is the units digit of 24632?
2
What is the hundreds digit of 22267?
2
What is the tens digit of 32275?
7
What is the units digit of 26252?
2
What is the hundreds digit of 6033?
0
What is the thousands digit of 4767?
4
What is the units digit of 69120?
0
What is the units digit of 1268?
8
What is the hundreds digit of 979?
9
What is the tens digit of 27491?
9
What is the tens digit of 3619?
1
What is the units digit of 4247?
7
What is the units digit of 1176?
6
What is the tens digit of 24033?
3
What is the tens digit of 2359?
5
What is the tens digit of 1571?
7
What is the thousands digit of 13391?
3
What is the ten thousands digit of 119174?
1
What is the units digit of 5297?
7
What is the ten thousands digit of 17397?
1
What is the units digit of 992?
2
What is the thousands digit of 27334?
7
What is the hundreds digit of 79345?
3
What is the ten thousands digit of 36183?
3
What is the thousands digit of 2076?
2
What is the tens digit of 37564?
6
What is the units digit of 809?
9
What is the tens digit of 778?
7
What is the thousands digit of 3431?
3
What is the tens digit of 3378?
7
What is the hundreds digit of 7981?
9
What is the hundreds digit of 767?
7
What is the units digit of 4800?
0
What is the hundreds digit of 16372?
3
What is the thousands digit of 3167?
3
What is the units digit of 9235?
5
What is the thousands digit of 87004?
7
What is the ten thousands digit of 49955?
4
What is the tens digit of 3187?
8
What is the thousands digit of 5647?
5
What is the hundreds digit of 661?
6
What is the hundreds digit of 13138?
1
What is the units digit of 60671?
1
What is the thousands digit of 3925?
3
What is the ten thousands digit of 26555?
2
What is the thousands digit of 19131?
9
What is the hundreds digit of 769?
7
What is the tens digit of 49493?
9
What is the thousands digit of 2408?
2
What is the tens digit of 6617?
1
What is the units digit of 2678?
8
What is the hundreds digit of 2960?
9
What is the tens digit of 1302?
0
What is the units digit of 490?
0
What is the hundreds digit of 53120?
1
What is the tens digit of 20422?
2
What is the hundreds digit of 4603?
6
What is the hundreds digit of 5199?
1
What is the hundred thousands digit of 130626?
1
What is the hundreds digit of 19099?
0
What is the hundreds digit of 43119?
1
What is the thousands digit of 1306?
1
What is the thousands digit of 2039?
2
What is the units digit of 30?
0
What is the thousands digit of 7066?
7
What is the units digit of 122272?
2
What is the units digit of 2470?
0
What is the thousands digit of 12947?
2
What is the thousands digit of 93525?
3
What is the hundreds digit of 1503?
5
What is the units digit of 23021?
1
What is the units digit of 11848?
8
What is the tens digit of 545?
4
What is the tens digit of 983?
8
What is the units digit of 21257?
7
What is the hundreds digit of 2601?
6
What is the hundreds digit of 2910?
9
What is the hundreds digit of 164512?
5
What is the units digit of 4105?
5
What is the units digit of 11455?
5
What is the units digit of 6301?
1
What is the thousands digit of 1168?
1
What is the hundreds digit of 3378?
3
What is the hundreds digit of 1053?
0
What is the thousands digit of 55746?
5
What is the thousands digit of 5480?
5
What is the thousands digit of 20164?
0
What is the units digit of 900?
0
What is the units digit of 61950?
0
What is the units digit of 1600?
0
What is the tens digit of 94?
9
What is the hundreds digit of 8847?
8
What is the units digit of 340?
0
What is the units digit of 22?
2
What is the thousands digit of 4660?
4
What is the thousands digit of 12992?
2
What is the hundreds digit of 2127?
1
What is the tens digit of 1177?
7
What is the hundreds digit of 255?
2
What is the tens digit of 8115?
1
What is the units digit of 57558?
8
What is the thousands digit of 11875?
1
What is the thousands digit of 11876?
1
What is the thousands digit of 3245?
3
What is the units digit of 3294?
4
What is the units digit of 296?
6
What is the units digit of 3948?
8
What is the ten thousands digit of 72526?
7
What is the hundreds digit of 2542?
5
What is the units digit of 6496?
6
What is the units digit of 4977?
7
What is the units digit of 89606?
6
What is the tens digit of 23?
2
What is the tens digit of 509?
0
What is the hundreds digit of 1009?
0
What is the hundreds digit of 1858?
8
What is the tens digit of 4069?
6
What is the thousands digit of 133879?
3
What is the tens digit of 8896?
9
What is the tens digit of 60501?
0
What is the tens digit of 553?
5
What is the tens digit of 4923?
2
What is the hundreds digit of 72964?
9
What is the units digit of 208?
8
What is the hundreds digit of 1158?
1
What is the units digit of 2306?
6
What is the units digit of 461?
1
What is the thousands digit of 6853?
6
What is the tens digit of 2014?
1
What is the tens digit of 955?
5
What is the hundreds digit of 178370?
3
What is the tens digit of 134?
3
What is the thousands digit of 6631?
6
What is the units digit of 9472?
2
What is the units digit of 9296?
6
What is the thousands digit of 1661?
1
What is the units digit of 5850?
0
What is the ten thousands digit of 15588?
1
What is the tens digit of 29488?
8
What is the thousands digit of 59817?
9
What is the hundreds digit of 1199?
1
What is the thousands digit of 19327?
9
What is the tens digit of 939?
3
What is the units digit of 6715?
5
What is the thousands digit of 2429?
2
What is the hundreds digit of 1083?
0
What is the units digit of 19009?
9
What is the tens digit of 2273?
7
What is the tens digit of 19445?
4
What is the tens digit of 387?
8
What is the thousands digit of 6293?
6
What is the tens digit of 10890?
9
What is the tens digit of 1570?
7
What is the tens digit of 995?
9
What is the tens digit of 115252?
5
What is the thousands digit of 25117?